= -2*f**3 + 119*f**2 + 184*f - 154. Give d(61).
-93
Let p(x) = -19*x**2 - x - 410. Give p(0).
-410
Let u(r) = r**2 - 180*r + 42. Calculate u(0).
42
Let a(b) = -b**3 - 3*b**2 + 37*b + 110. Determine a(-6).
-4
Let u(h) = -11*h**3 - 64*h**2 + 12*h + 8. Give u(-6).
8
Let f(g) = g**3 + 8*g**2 - 506*g - 130. Calculate f(19).
3
Let f(u) = -3*u**2 + 2*u + 86. Determine f(-6).
-34
Let c(w) = 478*w + 3835. Determine c(-8).
11
Let o(d) = -41*d**3 - 3*d**2 - 6*d - 3. Determine o(-1).
41
Let v(h) = 25*h**2 - 85*h - 29. What is v(7)?
601
Let n(x) = -x**3 + 11*x**2 + 45*x + 131. What is n(14)?
173
Let f(m) = 79*m + 1191. What is f(-15)?
6
Let s(i) = 128*i - 2177. Give s(17).
-1
Let f(m) = -2*m**2 - m + 57. Give f(0).
57
Let s(m) = 2*m**3 - 15*m**2 + 47*m - 49. Give s(6).
125
Let b(c) = -5*c**3 - 3*c**2 - 22*c - 43. What is b(-2)?
29
Let n(a) = 13*a - 841. What is n(65)?
4
Let z(y) = 1741*y + 3495. What is z(-2)?
13
Let m(x) = x**2 + 11*x + 9. Give m(-8).
-15
Let b(l) = l**3 + 8*l**2 - 87*l - 723. Give b(-10).
-53
Let d(p) = -13*p**2 + 10*p + 32. Calculate d(-3).
-115
Let a(k) = -2632*k - 21049. Calculate a(-8).
7
Let c(w) = w**2 + 95*w + 1784. Give c(-72).
128
Let f(q) = -2*q**3 + 36*q**2 - 28*q - 91. Give f(17).
11
Let w(z) = 2*z**2 + 38*z + 65. Give w(-12).
-103
Let u(h) = h**2 - 4909*h + 53875. Calculate u(11).
-3
Let o(p) = -p**3 + 18*p**2 + 51*p + 15. What is o(20)?
235
Let s(o) = -22*o**3 - 8*o**2 - 9*o - 5. Give s(-2).
157
Let m(h) = -35*h**2 - 15*h - 23. Give m(-3).
-293
Let o(n) = -n**3 + 11*n**2 + 7*n + 66. What is o(12)?
6
Let n(f) = f**2 - 455*f - 12537. Calculate n(-26).
-31
Let a(o) = 2*o**2 + 5*o - 871. Calculate a(18).
-133
Let q(g) = -g + 56. Calculate q(46).
10
Let c(g) = g**2 + 48*g + 361. Determine c(-38).
-19
Let m(v) = 246*v - 346. Determine m(-1).
-592
Let h(p) = p**3 + 16*p**2 - 98*p - 80. What is h(-21)?
-227
Let w(k) = k**2 + 95*k + 413. Determine w(-90).
-37
Let f(x) = -2*x**2 - 56*x + 89. Determine f(-29).
31
Let h(c) = -c**3 + 22*c**2 - 29*c + 704. Calculate h(22).
66
Let r(m) = -m**3 + 63*m**2 - 122*m + 9. What is r(61)?
9
Let s(h) = 65*h - 5975. Calculate s(92).
5
Let j(s) = s**2 + 11*s - 70. Determine j(-9).
-88
Let s(q) = q**3 + 10*q**2 - 27*q + 468. What is s(-14)?
62
Let r(n) = -n**2 + 12*n + 81. Determine r(15).
36
Let h(t) = -t**3 - 48*t**2 - 59*t + 4. What is h(-47)?
568
Let p(u) = -2*u**3 - 105*u**2 + 56*u + 171. Give p(-53).
12
Let x(a) = a**3 + 17*a**2 - 1149*a + 1716. Calculate x(-44).
0
Let n(k) = -10*k**2 + 78*k - 20. Determine n(8).
-36
Let a(q) = 41*q**3 - 11*q + 10. What is a(1)?
40
Let k(f) = -10*f + 354. Give k(26).
94
Let k(d) = -2*d**2 + 16*d + 216. Determine k(-7).
6
Let m(w) = -w**3 + 65*w**2 - 944*w - 37. Determine m(22).
7
Let k(y) = 4*y**2 - 334*y - 885. Give k(86).
-25
Let o(z) = -42*z - 421. Give o(-11).
41
Let s(a) = -120*a - 2559. Determine s(-21).
-39
Let n(c) = -2*c**3 + 32*c**2 - 149*c + 167. Calculate n(7).
6
Let f(w) = 15*w + 758. Give f(-39).
173
Let l(f) = 310*f + 7434. Determine l(-24).
-6
Let u(v) = -v**3 - 10*v**2 + 35*v + 11. Calculate u(-10).
-339
Let y(x) = -6*x**3 + 44*x**2 - 17*x + 14. Determine y(7).
-7
Let g(j) = j**2 + 34*j + 61. Calculate g(-22).
-203
Let d(j) = j**3 + 10*j**2 + 18*j - 9. What is d(-6)?
27
Let h(q) = -3*q**2 + 211*q + 1297. Give h(76).
5
Let m(j) = 2*j**3 - 2*j**2 - 4*j - 16. Determine m(5).
164
Let r(m) = 3*m - 250. Calculate r(-15).
-295
Let c(q) = -q**3 + 11*q**2 - 112*q + 598. Calculate c(7).
10
Let l(u) = 19*u - 805. Calculate l(33).
-178
Let c(j) = j**2 - 207*j + 5455. Determine c(31).
-1
Let g(u) = -1293*u - 5168. What is g(-4)?
4
Let m(p) = p**3 - 5*p**2 - 35*p + 59. Calculate m(8).
-29
Let t(z) = -z**3 + 7*z**2 + 21*z - 103. Give t(8).
1
Let c(d) = -10*d**3 + 4*d**2 - 14*d + 18. Calculate c(2).
-74
Let m(p) = 58*p - 393. Calculate m(6).
-45
Let f(t) = -21*t**2 + 6*t - 1. Determine f(1).
-16
Let p(w) = 2*w**2 + 11*w + 59. Calculate p(0).
59
Let r(d) = d**3 - 39*d**2 + 39*d - 70. Calculate r(38).
-32
Let b(m) = -m**3 - 54*m**2 - 327*m + 176. Determine b(-47).
82
Let b(w) = 8*w**3 - 9*w**2 - 5*w + 10. Calculate b(3).
130
Let m(w) = 180*w**2 - 2*w - 4. Give m(-2).
720
Let q(a) = 2*a**2 - 172*a + 972. What is q(6)?
12
Let l(m) = 4*m**3 - 10*m**2 + 2*m - 13. Determine l(4).
91
Let d(k) = k**2 - 41*k - 96. Give d(42).
-54
Let j(q) = 4*q**2 - 147*q - 150. Calculate j(-1).
1
Let d(x) = -x**2 + 115*x + 342. Determine d(-3).
-12
Let z(k) = 5*k**3 + 12*k + 47. Give z(-3).
-124
Let r(v) = v**2 + 85*v - 598. Calculate r(0).
-598
Let x(h) = 2*h**2 + 16*h + 16. Give x(-5).
-14
Let i(l) = -19*l + 731. Give i(77).
-732
Let o(r) = r**3 + 9*r**2 + r - 24. What is o(-13)?
-713
Let w(z) = -z**3 + 8*z**2 + 104*z - 41. Determine w(-7).
-34
Let z(o) = -3*o**2 - 11*o + 47. Calculate z(-6).
5
Let a(l) = 465*l + 4660. Give a(-10).
10
Let a(c) = 34*c**2 + 681*c + 10. Determine a(-20).
-10
Let y(d) = -d**3 - 48*d**2 + 40*d + 1906. Calculate y(-48).
-14
Let q(w) = 18*w**2 - 208*w + 440. Give q(3).
-22
Let c(u) = -2*u**3 - 15*u**2 - 65*u + 8. Calculate c(-7).
414
Let k(c) = c**2 - 7*c - 190. Give k(-11).
8
Let c(i) = i**3 - 39*i + 4. Determine c(0).
4
Let v(k) = 25*k - 720. Determine v(25).
-95
Let x(m) = -27*m - 1165. Determine x(-44).
23
Let q(k) = k**2 + 78*k + 1500. What is q(-35)?
-5
Let w(n) = n**3 + 16*n**2 + 5*n - 25. Calculate w(-16).
-105
Let i(x) = -2*x**3 - 50*x**2 + 298*x + 15. What is i(-30)?
75
Let v(o) = o**3 + 4*o**2 - 14*o - 24. Give v(-7).
-73
Let g(a) = a**3 - 229*a**2 - 1186*a + 3742. Give g(234).
-2
Let x(s) = 8*s + 20. Give x(-16).
-108
Let k(o) = o**3 + 14*o**2 + 21*o + 217. Give k(-14).
-77
Let y(l) = 389*l + 4715. What is y(-12)?
47
Let x(g) = -11*g**2 + 3064*g + 3067. Determine x(-1).
-8
Let j(z) = -91*z + 5465. What is j(60)?
5
Let j(w) = -26*w + 260. What is j(5)?
130
Let l(w) = -w**2 + 45*w - 813. Calculate l(35).
-463
Let y(a) = -15*a - 341. What is y(-22)?
-11
Let d(l) = 1949*l - 87706. Determine d(45).
-1
Let i(w) = -6*w**2 + 200*w - 40. What is i(33)?
26
Let d(v) = -62*v - 340. Determine d(-6).
32
Let c(f) = -2400*f - 12021. What is c(-5)?
-21
Let z(o) = o**3 + 8*o**2 - 27*o - 106. Calculate z(-10).
-36
Let s(p) = -381*p - 1552. Give s(-4).
-28
Let x(b) = -463*b - 11590. Calculate x(-25).
-15
Let k(s) = 3*s**2 - 4*s + 53. Give k(6).
137
Let j(u) = -11*u**3 - 2*u**2 + u + 8. Give j(-3).
284
Let o(s) = 40*s**2 - 316*s - 15. Give o(8).
17
Let d(l) = 2*l**3 + 63*l**2 - 34*l - 104. Give d(-32).
-40
Let l(x) = -2*x**3 - 14*x**2 - 35*x - 24. Determine l(-3).
9
Let d(v) = v**3 - 5*v**2 - 113*v + 227. What is d(2)?
-11
Let h(o) = -375*o**2 - 2*o - 30. What is h(0)?
-30
Let h(f) = 43*f**2 + 132*f - 1. What is h(-3)?
-10
Let b(z) = -z**2 + 1999*z + 16051. Determine b(-8).
-5
Let y(l) = -736*l**3 + 15*l**2 + 3*l - 2. Calculate y(1).
-720
Let v(t) = -4*t**3 - 28*t**2 - 7*t - 33. Calculate v(-8).
279
Let d(c) = c**3 - 38*c**2 - 200*c + 68. Give d(-5).
-7
Let i(a) = -200*a + 1311. Give i(6).
111
Let s(t) = -223*t + 662. What is s(3)?
-7
Let p(o) = -2*o**3 - 68*o**2 + 111*o + 3783. What is p(-34)?
9
Let a(p) = p**2 - 3*p - 160. Give a(13).
-30
Let o(z) = z**2 - 4*z - 16. What is o(6)?
-4
Let y(j) = j**3 + 7*j**2 + 10*j + 13. Give y(-11).
-581
Let r(u) = -93*u - 8374. Calculate r(-91).
89
Let s(t) = 3*t**3 - 41*t**2 - 22*t + 50. Determine s(14).
-62
Let q(w) = 2*w**2 - 39*w - 45. What is q(20)?
-25
Let a(i) = 9*i**2 - 192*i + 152. Give a(21).
89
Let j(c) = -2*c**2 - 10*c + 156. What is j(7)?
-12
Let t(y) = -8*y**2 - 68*y + 1367. Give t(-18).
-1
Let n(a) = -1495*a - 17937. What is n(-12)?
3
Let q(j) = -40*j - 3278. Determine q(-81).
-38
Let z(a) = 8*a**3 + 17*a**2 - 24*a - 2. What is z(-3)?
7
Let k(j) = -4*j - 22. Give k(-14).
34
Let x(c) = 362*c + 6551. What is x(-18)?
35
Let r(w) = 14*w**2 - 632*w + 92. What is r(45)?
2
Let r(m) = -m**3 + 31*m**2 - 107*m - 5. Calculate r(27).
22
Let r(g) = -21*g + 54. Give r(1).
33
Let f(x) = -x**2 + 31*x + 545. Give f(44).
-27
Let o(m) = -17*m - 25. Determine o(5).
-110
Let j(b) = -b**3 + 52*b**2 + 64*b - 570. Determine j(53).
13
Let l(g) = -g**2 - 121*g - 904. Determine l(-8).
0
Let y(h) = h**3 - 147*h**2 + 2541*h - 128. Calculate y(127).
-1
Let l(r) = r**3 + 76*r**2 - 8*r - 497. Give l(-76).
111
Let f(q) = -q**2 - 282*q + 836. 